{"id":10,"date":"2013-06-19T20:29:15","date_gmt":"2013-06-19T20:29:15","guid":{"rendered":"https:\/\/www.drlawyer.com\/deutsch\/?page_id=10"},"modified":"2019-11-18T14:56:53","modified_gmt":"2019-11-18T14:56:53","slug":"kontakt","status":"publish","type":"page","link":"https:\/\/www.drlawyer.com\/deutsch\/kontakt\/","title":{"rendered":"Kontakt"},"content":{"rendered":"<p>Bedankt voor uw interesse in onze diensten. Wij helpen u graag met uw juridische behoeften in de Dominicaanse Republiek. Gelieve zo vriendelijk te zijn om het onderstaande formulier in te vullen en wij zullen uw vraag snel beantwoorden. Voor contactinformatie over onze zeven kantoren, klik op <a href=\"https:\/\/www.drlawyer.com\/deutsch\/locations-2\/\">Locaties.<\/a><\/p>\n","protected":false},"excerpt":{"rendered":"<p>Bedankt voor uw interesse in onze diensten. Wij helpen u graag met uw juridische behoeften in de Dominicaanse Republiek. Gelieve zo vriendelijk te zijn om&hellip;<\/p>\n","protected":false},"author":2,"featured_media":11573,"parent":0,"menu_order":5,"comment_status":"open","ping_status":"closed","template":"","meta":[],"yoast_head":"<!-- This site is optimized with the Yoast SEO plugin v17.0 - https:\/\/yoast.com\/wordpress\/plugins\/seo\/ -->\n<title>Contact Guzm\u00e1n Ariza, the Dominican Republic Law Firm<\/title>\n<meta name=\"description\" content=\"Contact information on Guzm\u00e1n Ariza&#039;s 8 offices in the Dominican Republic (Santo Domingo, Punta Cana, La Romana, Sos\u00faa, Cabrera, Las Terrenas, Saman\u00e1, SFM).\" \/>\n<meta name=\"robots\" content=\"noindex, follow\" \/>\n<meta property=\"og:locale\" content=\"en_US\" \/>\n<meta property=\"og:type\" content=\"article\" \/>\n<meta property=\"og:title\" content=\"Contact Guzm\u00e1n Ariza, the Dominican Republic Law Firm\" \/>\n<meta property=\"og:description\" content=\"Contact information on Guzm\u00e1n Ariza&#039;s 8 offices in the Dominican Republic (Santo Domingo, Punta Cana, La Romana, Sos\u00faa, Cabrera, Las Terrenas, Saman\u00e1, SFM).\" \/>\n<meta property=\"og:url\" content=\"https:\/\/www.drlawyer.com\/deutsch\/kontakt\/\" \/>\n<meta property=\"og:site_name\" content=\"Guzm\u00e1n Ariza | The Dominican Republic law firm\" \/>\n<meta property=\"article:modified_time\" content=\"2019-11-18T14:56:53+00:00\" \/>\n<meta property=\"og:image\" content=\"https:\/\/www.drlawyer.com\/deutsch\/wp-content\/uploads\/2019\/07\/servicio-al-cliente-guzman-ariza.jpg\" \/>\n\t<meta property=\"og:image:width\" content=\"1600\" \/>\n\t<meta property=\"og:image:height\" content=\"773\" \/>\n<script type=\"application\/ld+json\" class=\"yoast-schema-graph\">{\"@context\":\"https:\/\/schema.org\",\"@graph\":[{\"@type\":\"WebSite\",\"@id\":\"https:\/\/www.drlawyer.com\/deutsch\/#website\",\"url\":\"https:\/\/www.drlawyer.com\/deutsch\/\",\"name\":\"Guzm\\u00e1n Ariza | The Dominican Republic law firm\",\"description\":\"\",\"potentialAction\":[{\"@type\":\"SearchAction\",\"target\":{\"@type\":\"EntryPoint\",\"urlTemplate\":\"https:\/\/www.drlawyer.com\/deutsch\/?s={search_term_string}\"},\"query-input\":\"required name=search_term_string\"}],\"inLanguage\":\"en-US\"},{\"@type\":\"ImageObject\",\"@id\":\"https:\/\/www.drlawyer.com\/deutsch\/kontakt\/#primaryimage\",\"inLanguage\":\"en-US\",\"url\":\"https:\/\/www.drlawyer.com\/deutsch\/wp-content\/uploads\/2019\/07\/servicio-al-cliente-guzman-ariza.jpg\",\"contentUrl\":\"https:\/\/www.drlawyer.com\/deutsch\/wp-content\/uploads\/2019\/07\/servicio-al-cliente-guzman-ariza.jpg\",\"width\":1600,\"height\":773},{\"@type\":\"WebPage\",\"@id\":\"https:\/\/www.drlawyer.com\/deutsch\/kontakt\/#webpage\",\"url\":\"https:\/\/www.drlawyer.com\/deutsch\/kontakt\/\",\"name\":\"Contact Guzm\\u00e1n Ariza, the Dominican Republic Law Firm\",\"isPartOf\":{\"@id\":\"https:\/\/www.drlawyer.com\/deutsch\/#website\"},\"primaryImageOfPage\":{\"@id\":\"https:\/\/www.drlawyer.com\/deutsch\/kontakt\/#primaryimage\"},\"datePublished\":\"2013-06-19T20:29:15+00:00\",\"dateModified\":\"2019-11-18T14:56:53+00:00\",\"description\":\"Contact information on Guzm\\u00e1n Ariza's 8 offices in the Dominican Republic (Santo Domingo, Punta Cana, La Romana, Sos\\u00faa, Cabrera, Las Terrenas, Saman\\u00e1, SFM).\",\"breadcrumb\":{\"@id\":\"https:\/\/www.drlawyer.com\/deutsch\/kontakt\/#breadcrumb\"},\"inLanguage\":\"en-US\",\"potentialAction\":[{\"@type\":\"ReadAction\",\"target\":[\"https:\/\/www.drlawyer.com\/deutsch\/kontakt\/\"]}]},{\"@type\":\"BreadcrumbList\",\"@id\":\"https:\/\/www.drlawyer.com\/deutsch\/kontakt\/#breadcrumb\",\"itemListElement\":[{\"@type\":\"ListItem\",\"position\":1,\"name\":\"Home\",\"item\":\"https:\/\/www.drlawyer.com\/deutsch\/\"},{\"@type\":\"ListItem\",\"position\":2,\"name\":\"Kontakt\"}]}]}<\/script>\n<!-- \/ Yoast SEO plugin. -->","yoast_head_json":{"title":"Contact Guzm\u00e1n Ariza, the Dominican Republic Law Firm","description":"Contact information on Guzm\u00e1n Ariza's 8 offices in the Dominican Republic (Santo Domingo, Punta Cana, La Romana, Sos\u00faa, Cabrera, Las Terrenas, Saman\u00e1, SFM).","robots":{"index":"noindex","follow":"follow"},"og_locale":"en_US","og_type":"article","og_title":"Contact Guzm\u00e1n Ariza, the Dominican Republic Law Firm","og_description":"Contact information on Guzm\u00e1n Ariza's 8 offices in the Dominican Republic (Santo Domingo, Punta Cana, La Romana, Sos\u00faa, Cabrera, Las Terrenas, Saman\u00e1, SFM).","og_url":"https:\/\/www.drlawyer.com\/deutsch\/kontakt\/","og_site_name":"Guzm\u00e1n Ariza | The Dominican Republic law firm","article_modified_time":"2019-11-18T14:56:53+00:00","og_image":[{"width":1600,"height":773,"url":"https:\/\/www.drlawyer.com\/deutsch\/wp-content\/uploads\/2019\/07\/servicio-al-cliente-guzman-ariza.jpg","path":"\/home\/lawyer\/public_html\/deutsch\/wp-content\/uploads\/2019\/07\/servicio-al-cliente-guzman-ariza.jpg","size":"full","id":11573,"alt":"","pixels":1236800,"type":"image\/jpeg"}],"schema":{"@context":"https:\/\/schema.org","@graph":[{"@type":"WebSite","@id":"https:\/\/www.drlawyer.com\/deutsch\/#website","url":"https:\/\/www.drlawyer.com\/deutsch\/","name":"Guzm\u00e1n Ariza | The Dominican Republic law firm","description":"","potentialAction":[{"@type":"SearchAction","target":{"@type":"EntryPoint","urlTemplate":"https:\/\/www.drlawyer.com\/deutsch\/?s={search_term_string}"},"query-input":"required name=search_term_string"}],"inLanguage":"en-US"},{"@type":"ImageObject","@id":"https:\/\/www.drlawyer.com\/deutsch\/kontakt\/#primaryimage","inLanguage":"en-US","url":"https:\/\/www.drlawyer.com\/deutsch\/wp-content\/uploads\/2019\/07\/servicio-al-cliente-guzman-ariza.jpg","contentUrl":"https:\/\/www.drlawyer.com\/deutsch\/wp-content\/uploads\/2019\/07\/servicio-al-cliente-guzman-ariza.jpg","width":1600,"height":773},{"@type":"WebPage","@id":"https:\/\/www.drlawyer.com\/deutsch\/kontakt\/#webpage","url":"https:\/\/www.drlawyer.com\/deutsch\/kontakt\/","name":"Contact Guzm\u00e1n Ariza, the Dominican Republic Law Firm","isPartOf":{"@id":"https:\/\/www.drlawyer.com\/deutsch\/#website"},"primaryImageOfPage":{"@id":"https:\/\/www.drlawyer.com\/deutsch\/kontakt\/#primaryimage"},"datePublished":"2013-06-19T20:29:15+00:00","dateModified":"2019-11-18T14:56:53+00:00","description":"Contact information on Guzm\u00e1n Ariza's 8 offices in the Dominican Republic (Santo Domingo, Punta Cana, La Romana, Sos\u00faa, Cabrera, Las Terrenas, Saman\u00e1, SFM).","breadcrumb":{"@id":"https:\/\/www.drlawyer.com\/deutsch\/kontakt\/#breadcrumb"},"inLanguage":"en-US","potentialAction":[{"@type":"ReadAction","target":["https:\/\/www.drlawyer.com\/deutsch\/kontakt\/"]}]},{"@type":"BreadcrumbList","@id":"https:\/\/www.drlawyer.com\/deutsch\/kontakt\/#breadcrumb","itemListElement":[{"@type":"ListItem","position":1,"name":"Home","item":"https:\/\/www.drlawyer.com\/deutsch\/"},{"@type":"ListItem","position":2,"name":"Kontakt"}]}]}},"_links":{"self":[{"href":"https:\/\/www.drlawyer.com\/deutsch\/wp-json\/wp\/v2\/pages\/10"}],"collection":[{"href":"https:\/\/www.drlawyer.com\/deutsch\/wp-json\/wp\/v2\/pages"}],"about":[{"href":"https:\/\/www.drlawyer.com\/deutsch\/wp-json\/wp\/v2\/types\/page"}],"author":[{"embeddable":true,"href":"https:\/\/www.drlawyer.com\/deutsch\/wp-json\/wp\/v2\/users\/2"}],"replies":[{"embeddable":true,"href":"https:\/\/www.drlawyer.com\/deutsch\/wp-json\/wp\/v2\/comments?post=10"}],"version-history":[{"count":29,"href":"https:\/\/www.drlawyer.com\/deutsch\/wp-json\/wp\/v2\/pages\/10\/revisions"}],"predecessor-version":[{"id":12034,"href":"https:\/\/www.drlawyer.com\/deutsch\/wp-json\/wp\/v2\/pages\/10\/revisions\/12034"}],"wp:featuredmedia":[{"embeddable":true,"href":"https:\/\/www.drlawyer.com\/deutsch\/wp-json\/wp\/v2\/media\/11573"}],"wp:attachment":[{"href":"https:\/\/www.drlawyer.com\/deutsch\/wp-json\/wp\/v2\/media?parent=10"}],"curies":[{"name":"wp","href":"https:\/\/api.w.org\/{rel}","templated":true}]}}